{"id":316,"date":"2019-10-16T18:38:23","date_gmt":"2019-10-16T16:38:23","guid":{"rendered":"http:\/\/subitoradio.com\/?page_id=316"},"modified":"2019-10-16T19:53:33","modified_gmt":"2019-10-16T17:53:33","slug":"cyrille","status":"publish","type":"page","link":"https:\/\/subitoradio.com\/index.php\/cyrille\/","title":{"rendered":"Cyrille Andr\u00e9"},"content":{"rendered":"<p>[et_pb_section fb_built=\u00a0\u00bb1&Prime; _builder_version=\u00a0\u00bb3.0.95&Prime; custom_padding=\u00a0\u00bb25px|0px|25px|0px\u00a0\u00bb][et_pb_row custom_padding=\u00a0\u00bb0px|0px|0px|0px\u00a0\u00bb _builder_version=\u00a0\u00bb3.0.95&Prime;][et_pb_column type=\u00a0\u00bb4_4&Prime; _builder_version=\u00a0\u00bb3.0.47&Prime; parallax=\u00a0\u00bboff\u00a0\u00bb parallax_method=\u00a0\u00bbon\u00a0\u00bb][et_pb_image src=\u00a0\u00bbhttp:\/\/subitoradio.com\/wp-content\/uploads\/2019\/10\/photocysu.jpg\u00a0\u00bb show_bottom_space=\u00a0\u00bboff\u00a0\u00bb align=\u00a0\u00bbcenter\u00a0\u00bb _builder_version=\u00a0\u00bb3.0.95&Prime; custom_margin=\u00a0\u00bb0px|0px|0px|0px\u00a0\u00bb custom_padding=\u00a0\u00bb0px|0px|0px|0px\u00a0\u00bb][\/et_pb_image][\/et_pb_column][\/et_pb_row][\/et_pb_section][et_pb_section fb_built=\u00a0\u00bb1&Prime; _builder_version=\u00a0\u00bb3.0.95&Prime; custom_padding=\u00a0\u00bb25px|0px|25px|0px\u00a0\u00bb][et_pb_row custom_padding=\u00a0\u00bb0px|0px|0px|0px\u00a0\u00bb _builder_version=\u00a0\u00bb3.0.95&Prime;][et_pb_column type=\u00a0\u00bb1_3&Prime; _builder_version=\u00a0\u00bb3.0.47&Prime; parallax=\u00a0\u00bboff\u00a0\u00bb parallax_method=\u00a0\u00bbon\u00a0\u00bb][et_pb_team_member name=\u00a0\u00bbCyrille Andr\u00e9\u00a0\u00bb position=\u00a0\u00bbArtiste\u00a0\u00bb _builder_version=\u00a0\u00bb3.0.95&Prime;]<\/p>\n<p><a href=\"https:\/\/cyrilleandre.fr\/\">https:\/\/cyrilleandre.fr<\/a><\/p>\n<p>[\/et_pb_team_member][et_pb_audio audio=\u00a0\u00bbhttp:\/\/subitoradio.com\/wp-content\/uploads\/2019\/10\/cyrille-mix3.mp3&Prime; title=\u00a0\u00bbEntretien radiophonique avec Cyrille Andr\u00e9\u00a0\u00bb artist_name=\u00a0\u00bbFr\u00e9d\u00e9ric Arcos et Matthieu Montchamp \u00a0\u00bb album_name=\u00a0\u00bbin situ\u00a0\u00bb _builder_version=\u00a0\u00bb3.0.95&Prime; background_color=\u00a0\u00bb#f19095&Prime;][\/et_pb_audio][\/et_pb_column][et_pb_column type=\u00a0\u00bb2_3&Prime; _builder_version=\u00a0\u00bb3.0.47&Prime; parallax=\u00a0\u00bboff\u00a0\u00bb parallax_method=\u00a0\u00bbon\u00a0\u00bb][et_pb_text _builder_version=\u00a0\u00bb3.0.95&Prime;]<\/p>\n<p>L\u2019atelier,<\/p>\n<p>J\u2019ai une passion pour l\u2019espace, pour les volumes, pour les pleins et les vides, pour la mati\u00e8re et les mat\u00e9riaux. J\u2019ai une passion pour les b\u00e2timents industriels, pour les ateliers cath\u00e9drales, pour les espaces de lumi\u00e8res, pourtant glacials en hiver et \u00e9touffants en \u00e9t\u00e9. Ils offrent un cadre sans limite \u00e0 la recherche en volume.<\/p>\n<p>J\u2019ai besoin de l\u2019atelier comme on a besoin de respirer, c\u2019est mon ventre, c\u2019est mon nid.<\/p>\n<p>[\/et_pb_text][\/et_pb_column][\/et_pb_row][\/et_pb_section]<\/p>\n","protected":false},"excerpt":{"rendered":"<p>https:\/\/cyrilleandre.fr L\u2019atelier, J\u2019ai une passion pour l\u2019espace, pour les volumes, pour les pleins et les vides, pour la mati\u00e8re et les mat\u00e9riaux. J\u2019ai une passion pour les b\u00e2timents industriels, pour les ateliers cath\u00e9drales, pour les espaces de lumi\u00e8res, pourtant glacials en hiver et \u00e9touffants en \u00e9t\u00e9. Ils offrent un cadre sans limite \u00e0 la recherche [&hellip;]<\/p>\n","protected":false},"author":1,"featured_media":0,"parent":0,"menu_order":0,"comment_status":"closed","ping_status":"closed","template":"","meta":{"_et_pb_use_builder":"on","_et_pb_old_content":"","_et_gb_content_width":"","footnotes":""},"class_list":["post-316","page","type-page","status-publish","hentry"],"_links":{"self":[{"href":"https:\/\/subitoradio.com\/index.php\/wp-json\/wp\/v2\/pages\/316","targetHints":{"allow":["GET"]}}],"collection":[{"href":"https:\/\/subitoradio.com\/index.php\/wp-json\/wp\/v2\/pages"}],"about":[{"href":"https:\/\/subitoradio.com\/index.php\/wp-json\/wp\/v2\/types\/page"}],"author":[{"embeddable":true,"href":"https:\/\/subitoradio.com\/index.php\/wp-json\/wp\/v2\/users\/1"}],"replies":[{"embeddable":true,"href":"https:\/\/subitoradio.com\/index.php\/wp-json\/wp\/v2\/comments?post=316"}],"version-history":[{"count":14,"href":"https:\/\/subitoradio.com\/index.php\/wp-json\/wp\/v2\/pages\/316\/revisions"}],"predecessor-version":[{"id":346,"href":"https:\/\/subitoradio.com\/index.php\/wp-json\/wp\/v2\/pages\/316\/revisions\/346"}],"wp:attachment":[{"href":"https:\/\/subitoradio.com\/index.php\/wp-json\/wp\/v2\/media?parent=316"}],"curies":[{"name":"wp","href":"https:\/\/api.w.org\/{rel}","templated":true}]}}

Cyrille André

<p>[et_pb_section fb_built= »1&Prime; _builder_version= »3.0.95&Prime; custom_padding= »25px|0px|25px|0px »][et_pb_row custom_padding= »0px|0px|0px|0px » _builder_version= »3.0.95&Prime;][et_pb_column type= »4_4&Prime; _builder_version= »3.0.47&Prime; parallax= »off » parallax_method= »on »][et_pb_image src= »http://subitoradio.com/wp-content/uploads/2019/10/photocysu.jpg » show_bottom_space= »off » align= »center » _builder_version= »3.0.95&Prime; custom_margin= »0px|0px|0px|0px » custom_padding= »0px|0px|0px|0px »][/et_pb_image][/et_pb_column][/et_pb_row][/et_pb_section][et_pb_section fb_built= »1&Prime; _builder_version= »3.0.95&Prime; custom_padding= »25px|0px|25px|0px »][et_pb_row custom_padding= »0px|0px|0px|0px » _builder_version= »3.0.95&Prime;][et_pb_column type= »1_3&Prime; _builder_version= »3.0.47&Prime; parallax= »off » parallax_method= »on »][et_pb_team_member name= »Cyrille André » position= »Artiste » _builder_version= »3.0.95&Prime;]</p>
<p><a href="https://cyrilleandre.fr/">https://cyrilleandre.fr</a></p>
<p>[/et_pb_team_member][et_pb_audio audio= »http://subitoradio.com/wp-content/uploads/2019/10/cyrille-mix3.mp3&Prime; title= »Entretien radiophonique avec Cyrille André » artist_name= »Frédéric Arcos et Matthieu Montchamp  » album_name= »in situ » _builder_version= »3.0.95&Prime; background_color= »#f19095&Prime;][/et_pb_audio][/et_pb_column][et_pb_column type= »2_3&Prime; _builder_version= »3.0.47&Prime; parallax= »off » parallax_method= »on »][et_pb_text _builder_version= »3.0.95&Prime;]</p>
<p>L’atelier,</p>
<p>J’ai une passion pour l’espace, pour les volumes, pour les pleins et les vides, pour la matière et les matériaux. J’ai une passion pour les bâtiments industriels, pour les ateliers cathédrales, pour les espaces de lumières, pourtant glacials en hiver et étouffants en été. Ils offrent un cadre sans limite à la recherche en volume.</p>
<p>J’ai besoin de l’atelier comme on a besoin de respirer, c’est mon ventre, c’est mon nid.</p>
<p>[/et_pb_text][/et_pb_column][/et_pb_row][/et_pb_section]</p>

<p>https://cyrilleandre.fr L’atelier, J’ai une passion pour l’espace, pour les volumes, pour les pleins et les vides, pour la matière et les matériaux. J’ai une passion pour les bâtiments industriels, pour les ateliers cathédrales, pour les espaces de lumières, pourtant glacials en hiver et étouffants en été. Ils offrent un cadre sans limite à la recherche [&hellip;]</p>
